5, 31
Let m(j) = 9*j - 4. Let z(o) = -3 + o + o**2 + 1 + 1 + 0*o**2. Let p(h) = m(h) - z(h). What are the prime factors of p(5)?
2, 3
Suppose 3*w - 102 = w. What are the prime factors of w?
3, 17
Let r(v) = 3*v**2 + 3*v + 1. What are the prime factors of r(-4)?
37
Let c = 15 + -3. List the prime factors of c/(-30) - (-201)/15.
13
Suppose 2 = 4*p - 2. List the prime factors of p/(-3) + 150/18.
2
Suppose -y = -3*y + 24. Let j be (y/9)/(4/6). Suppose -2*r + 16 = j*r. List the prime factors of r.
2
Suppose 7 + 14 = 3*x - 4*r, 15 = -5*r. Let g = -8 + 13. List the prime factors of g/1 - (x + -4).
2, 3
Suppose 4*g = 3*w - 112, -g + 4*g + 172 = 5*w. Suppose 0 = 2*r - 6*r + w. What are the prime factors of r?
2
Suppose -3*h - 3*y = 27 + 6, 0 = -5*h + y - 25. Let i(g) = g**3 + 6*g**2. Let n be i(h). Suppose n = -4*v + 1 + 35. List the prime factors of v.
3
Let p(o) = o**3 + 5*o**2 - 6*o + 11. Let d(r) = 2*r**2 + 1. Let m be d(1). Let c(s) = -s**2. Let i(h) = m*c(h) - p(h). What are the prime factors of i(-9)?
2
Let l(r) = r - 4. Let c be l(6). Suppose -k - 8 = -4*t + c*t, 5*k = 3*t - 5. List the prime factors of t.
5
Let n(z) = 2*z**2 - 3*z - 3. Let s be n(-3). Suppose -2*b - s = -3*b. List the prime factors of b.
2, 3
Let n = 77 - 60. List the prime factors of n.
17
Let n be ((0 + 34)/(-2))/(-1). Suppose -3*a + n = 4*f, -5*f - 5*a + 20 = -a. Let m = -6 + f. What are the prime factors of m?
2
Let w be (-2)/(-4)*4/1. Let k(z) = z**2 - 2*z - 12. Let r be k(5). Let f = w + r. What are the prime factors of f?
5
Let t = -3 - -4. Let n(v) = -18*v - t - 1 + 1. List the prime factors of n(-1).
17
Let t be 6/(-15) + (-246)/10. Let r be t/(-3) - 2/6. Let a = 3 + r. List the prime factors of a.
11
Let d(t) be the first derivative of 8*t - 2 - 1/2*t**2. List the prime factors of d(6).
2
Let l(p) = -p**2. Let x be l(0). Suppose -7*u + 4 + 31 = 0. Suppose x = -f - g + 20, f + f + u*g = 43. What are the prime factors of f?
19
List the prime factors of -1 + 2 + (44 - -2).
47
Let c(l) = -l**3 - 12*l**2 - 11. Let r be c(-12). Let n = r - -19. What are the prime factors of n?
2
Let y(u) be the first derivative of -u**3/3 - 9*u**2/2 - 6*u - 3. What are the prime factors of y(-6)?
2, 3
Suppose 8*a = 7*a + 23. List the prime factors of (a/4)/(5/20).
23
Let i = 154 - 80. What are the prime factors of i?
2, 37
Suppose -2*t + 2 + 2 = 0. Let m be t/10 - 12/(-15). Let o = 3 - m. What are the prime factors of o?
2
Let q(j) = -j + 13. Let b be (-2 - -2)/(-1 - -3). What are the prime factors of q(b)?
13
Let r(f) be the second derivative of f**4/12 - 3*f**3/2 - 8*f**2 + 3*f. What are the prime factors of r(11)?
2, 3
Suppose -4*r + 2 = -18. Let a be (-2)/(-3) - (-10)/3. Suppose 52 = 4*l - a*y, -3*l - r*y + 15 = 2*l. What are the prime factors of l?
2
Let b(u) = -u - 1. Let y(w) = 4. Let h(f) = f**3 + 4*f**2 - 2*f - 3. Let g be h(-4). Let d(l) = g*b(l) + y(l). List the prime factors of d(-1).
2
Let u = 2 + 2. Suppose 28 = -2*f + u*f. List the prime factors of f.
2, 7
Let u be (2 - -16)/((-6)/(-4)). Suppose -d = 3*d - u. What are the prime factors of -1 + d/1 + 4?
2, 3
Suppose -n = -5*f - 19, -29 = n - 6*n + 3*f. What are the prime factors of n?
2
Suppose -2*u + 2 + 14 = 0. Let a(n) = -1 - 5 + n**2 - 6*n + 2. List the prime factors of a(u).
2, 3
Let q(h) = 4 + 5*h**2 - 1 + h**3 + 0. Let p be q(-5). Suppose -6 = -z + 2*g, -2*z + p*g + 2*g + 9 = 0. What are the prime factors of z?
2, 3
Suppose 0 = 4*d - 4, 4*d + 19 = 5*g + 3*d. Let k be 2/g + (-21)/14. What are the prime factors of (8 - k)*5/15?
3
Suppose 12 = -2*w - 2*t - 0*t, 2*w - 3 = t. Let a = 33 - w. Suppose 0 = -4*r + a + 10. List the prime factors of r.
11
Let l(b) = b**3 - 2*b**2 + 2*b + 1. Let j be l(2). Suppose 0 = q - j*q + 84. List the prime factors of q.
3, 7
Suppose 0 = r + r - 156. Suppose r = k + k. List the prime factors of k.
3, 13
Let q = 299 + -206. List the prime factors of q.
3, 31
Let b(o) = -o - 25. Let a be b(0). Let z = 41 + a. List the prime factors of z.
2
Let q = 70 - 15. List the prime factors of q.
5, 11
Let s(b) be the second derivative of -b**5/120 + b**4/8 + b**3/3 - 3*b. Let h(q) be the second derivative of s(q). What are the prime factors of h(-9)?
2, 3
Let y be 2/8 + 33/12. Let s = -4 + y. What are the prime factors of ((-2)/1)/(s/3)?
2, 3
Suppose 0*a + 3*f = -3*a + 69, -3*f - 21 = -2*a. Let m(k) = k**3 + 8*k**2 - 8*k + 7. Let r be m(-9). Let h = a + r. List the prime factors of h.
2
Let z(u) = u**2 + 2*u - 11. List the prime factors of z(6).
37
Suppose 10 = 4*j - 3*j. Suppose k - 12 = j. What are the prime factors of k?
2, 11
Suppose 2*d - 124 - 6 = 0. Suppose w + 4*w = d. List the prime factors of w.
13
Let x be 7/1 - (-7 - -9). Suppose -76 = -x*g + 89. List the prime factors of g.
3, 11
Suppose 0 + 1 = u. Let h = u + 2. Suppose -h = m - 6. What are the prime factors of m?
3
Let v(t) = t**3 - 2*t**2 - t + 14. What are the prime factors of v(0)?
2, 7
Let p(x) = -x**3 + x**2 - x + 17. Let g be p(0). Suppose -2*d - g = -3*a, -14 - 15 = 4*d - 5*a. Let o = 5 - d. List the prime factors of o.
2, 3
Let b(w) = w + 12. List the prime factors of b(-4).
2
Let n(c) be the third derivative of c**5/30 - c**4/4 - c**2. What are the prime factors of n(4)?
2
Let n(m) = -2*m + 110. What are the prime factors of n(0)?
2, 5, 11
Suppose -u + 3 = 4*h, 6 = 2*h + u + u. Suppose h*f + 2*f = 0. Let x = 11 + f. List the prime factors of x.
11
Suppose -2*q = -0*q. Suppose q*p - 4*p + 8 = 0. List the prime factors of p.
2
Let m be (5/(-3))/((-1)/18). Suppose -m = 6*a - 3*a. What are the prime factors of a*(2/(-4))/1?
5
Let n(u) = u**3 + 3*u**2 - 2*u - 2. Let c be n(-3). Suppose 0*o = 5*i - c*o - 9, -5*i - 4*o + 41 = 0. What are the prime factors of i?
5
Let r(s) = -s**2 - 12*s - 9. Let z(b) = b - 6. Suppose 2*v - x + 3*x + 12 = 0, 0 = -5*v - x - 26. Let u be z(v). What are the prime factors of r(u)?
2
Let j be -1 + (118 - 1)/3. Let n(u) = u - 9. Let y be n(-8). Let v = y + j. What are the prime factors of v?
3, 7
List the prime factors of ((-392)/70)/((-2)/40).
2, 7
Let o(a) = a + 2. Let h be o(-2). Let z = -1 + 4. Suppose -u - 4*n = z, h*u - n - 7 = -u. List the prime factors of u.
5
Let q(n) = n - 2. Let f be q(-4). Let s(o) = -o**3 - 6*o**2 - 3*o - 9. Let z be s(f). Suppose z = 3*v - 0*v. List the prime factors of v.
3
Let c = 193 + -72. What are the prime factors of c?
11
Suppose -3*g + 5*q + 1129 = 0, 4*g - 4*q = q + 1507. List the prime factors of g.
2, 3, 7
Let t be 38/(1*1/(-2)). Let l = 109 + t. What are the prime factors of l?
3, 11
Let i(p) = p**3 - 6*p**2 - 13*p + 9. What are the prime factors of i(8)?
3, 11
Let z = -29 - -65. Suppose -3*f = 2*a - 4 - z, -5*f = -a + 20. What are the prime factors of a?
2, 5
Let v = 9 + -7. Suppose v*p = 6*p + 20. Let h(x) = x**2 + 2*x + 5. List the prime factors of h(p).
2, 5
Suppose -4 = 4*f - 3*f. Let c(n) = -n**3 - n**2 + 5*n - 3. List the prime factors of c(f).
5
List the prime factors of (-6)/(-21)*12*7.
2, 3
Suppose 0 = 3*a - h + 38, 2*a + 2 = -4*h - 0*h. Let z = a + 15. What are the prime factors of z?
2
Let b = -1 - -6. Let n = 5 - 1. Suppose 0 = -b*z - n + 94. List the prime factors of z.
2, 3
Suppose 0 = -2*l - 4*l + 54. List the prime factors of l.
3
Let m be (-20)/(-25)*5*3. List the prime factors of (3/6 - -2)*m.
2, 3, 5
Suppose 4*t = -4*t + 1720. What are the prime factors of t?
5, 43
Suppose 6 = 3*c - 3. Let b = c - -7. What are the prime factors of b?
2, 5
List the prime factors of 7/(-2) + 4 + (-338)/(-4).
5, 17
Let p(i) = 4*i + 3. Let n(l) = 1. Let s(t) = -2*n(t) - p(t). List the prime factors of s(-8).
3
Let h be (3 + 2 + -5)*1. List the prime factors of 14 - (1 - (3 + h)).
2
Let l be 2 - (2 - (3 - 1)). Suppose -2*x + 9 = 1, 0 = -2*d + l*x - 8. Let n = d + 2. List the prime factors of n.
2
Suppose -b + 6*b = 5*r + 160, 5*r = -b - 148. Let y = r - -45. List the prime factors of y.
3, 5
Let b = -47 - -73. What are the prime factors of b?
2, 13
Suppose 12*x - 8*x = 0. Suppose 44 = v + 5*s, x = -2*v - s + 55 - 12. List the prime factors of v.
19
Suppose 0 = -3*x - 2*x. Suppose x = -l - l. Suppose l*b = -5*b + 25. List the prime factors of b.
5
Let d(r) = r**2 + 6*r + 12. Let s(u) = -u**3 + u**2 - 4*u + 3. Let n be s(2). List the prime factors of d(n).
3, 13
Let y